{"id":105,"date":"2024-01-18T22:16:35","date_gmt":"2024-01-18T22:16:35","guid":{"rendered":"https:\/\/natashahosken.vendamaissegura.com\/?page_id=105"},"modified":"2025-06-19T21:53:53","modified_gmt":"2025-06-19T21:53:53","slug":"home","status":"publish","type":"page","link":"https:\/\/natashahosken.vendamaissegura.com\/","title":{"rendered":"Home"},"content":{"rendered":"\t\t<div data-elementor-type=\"wp-page\" data-elementor-id=\"105\" class=\"elementor elementor-105\">\n\t\t\t\t\t\t\t<div class=\"elementor-element elementor-element-fe543c0 e-flex e-con-boxed e-con e-parent\" data-id=\"fe543c0\" data-element_type=\"container\" data-settings=\"{&quot;background_background&quot;:&quot;gradient&quot;,&quot;container_type&quot;:&quot;flex&quot;,&quot;content_width&quot;:&quot;boxed&quot;}\" data-core-v316-plus=\"true\">\n\t\t\t\t\t<div class=\"e-con-inner\">\n\t\t\t\t<div class=\"elementor-element elementor-element-4e5754d elementor-widget elementor-widget-image\" data-id=\"4e5754d\" data-element_type=\"widget\" data-widget_type=\"image.default\">\n\t\t\t\t<div class=\"elementor-widget-container\">\n\t\t\t<style>\/*! elementor - v3.18.0 - 20-12-2023 *\/\n.elementor-widget-image{text-align:center}.elementor-widget-image a{display:inline-block}.elementor-widget-image a img[src$=\".svg\"]{width:48px}.elementor-widget-image img{vertical-align:middle;display:inline-block}<\/style>\t\t\t\t\t\t\t\t\t\t\t\t<img fetchpriority=\"high\" decoding=\"async\" width=\"488\" height=\"488\" src=\"https:\/\/natashahosken.vendamaissegura.com\/wp-content\/uploads\/2025\/03\/Design-sem-nome-2025-03-10T121845.674.png\" class=\"attachment-full size-full wp-image-1194\" alt=\"\" srcset=\"https:\/\/natashahosken.vendamaissegura.com\/wp-content\/uploads\/2025\/03\/Design-sem-nome-2025-03-10T121845.674.png 488w, https:\/\/natashahosken.vendamaissegura.com\/wp-content\/uploads\/2025\/03\/Design-sem-nome-2025-03-10T121845.674-300x300.png 300w, https:\/\/natashahosken.vendamaissegura.com\/wp-content\/uploads\/2025\/03\/Design-sem-nome-2025-03-10T121845.674-150x150.png 150w\" sizes=\"(max-width: 488px) 100vw, 488px\" \/>\t\t\t\t\t\t\t\t\t\t\t\t\t\t\t<\/div>\n\t\t\t\t<\/div>\n\t\t\t\t<div class=\"elementor-element elementor-element-5f7d774 elementor-align-left elementor-widget elementor-widget-button\" data-id=\"5f7d774\" data-element_type=\"widget\" data-widget_type=\"button.default\">\n\t\t\t\t<div class=\"elementor-widget-container\">\n\t\t\t\t\t<div class=\"elementor-button-wrapper\">\n\t\t\t<a class=\"elementor-button elementor-button-link elementor-size-md elementor-animation-pulse-shrink\" href=\"https:\/\/natashahosken.vendamaissegura.com\/index.php\/beaba\/\">\n\t\t\t\t\t\t<span class=\"elementor-button-content-wrapper\">\n\t\t\t\t\t\t<span class=\"elementor-button-text\">SINAIS DE PROGRESSOS E ATRASOS NO DESENVOLVIMENTO<\/span>\n\t\t<\/span>\n\t\t\t\t\t<\/a>\n\t\t<\/div>\n\t\t\t\t<\/div>\n\t\t\t\t<\/div>\n\t\t\t\t<div class=\"elementor-element elementor-element-177c4a1 elementor-align-left elementor-widget elementor-widget-button\" data-id=\"177c4a1\" data-element_type=\"widget\" data-widget_type=\"button.default\">\n\t\t\t\t<div class=\"elementor-widget-container\">\n\t\t\t\t\t<div class=\"elementor-button-wrapper\">\n\t\t\t<a class=\"elementor-button elementor-button-link elementor-size-md elementor-animation-pulse-shrink\" href=\"https:\/\/natashahosken.vendamaissegura.com\/index.php\/avaliacao-psicologica\/\">\n\t\t\t\t\t\t<span class=\"elementor-button-content-wrapper\">\n\t\t\t\t\t\t<span class=\"elementor-button-text\">AVALIA\u00c7\u00c3O NEUROPSICOL\u00d3GICA<\/span>\n\t\t<\/span>\n\t\t\t\t\t<\/a>\n\t\t<\/div>\n\t\t\t\t<\/div>\n\t\t\t\t<\/div>\n\t\t\t\t<div class=\"elementor-element elementor-element-079d2df elementor-align-left elementor-widget elementor-widget-button\" data-id=\"079d2df\" data-element_type=\"widget\" data-widget_type=\"button.default\">\n\t\t\t\t<div class=\"elementor-widget-container\">\n\t\t\t\t\t<div class=\"elementor-button-wrapper\">\n\t\t\t<a class=\"elementor-button elementor-button-link elementor-size-md elementor-animation-pulse-shrink\" href=\"https:\/\/w.app\/natashahoskenneuropsi\">\n\t\t\t\t\t\t<span class=\"elementor-button-content-wrapper\">\n\t\t\t\t\t\t<span class=\"elementor-button-text\">D\u00daVIDAS - WHATSAPP<\/span>\n\t\t<\/span>\n\t\t\t\t\t<\/a>\n\t\t<\/div>\n\t\t\t\t<\/div>\n\t\t\t\t<\/div>\n\t\t\t\t<div class=\"elementor-element elementor-element-8484594 elementor-widget elementor-widget-heading\" data-id=\"8484594\" data-element_type=\"widget\" data-widget_type=\"heading.default\">\n\t\t\t\t<div class=\"elementor-widget-container\">\n\t\t\t<style>\/*! elementor - v3.18.0 - 20-12-2023 *\/\n.elementor-heading-title{padding:0;margin:0;line-height:1}.elementor-widget-heading .elementor-heading-title[class*=elementor-size-]>a{color:inherit;font-size:inherit;line-height:inherit}.elementor-widget-heading .elementor-heading-title.elementor-size-small{font-size:15px}.elementor-widget-heading .elementor-heading-title.elementor-size-medium{font-size:19px}.elementor-widget-heading .elementor-heading-title.elementor-size-large{font-size:29px}.elementor-widget-heading .elementor-heading-title.elementor-size-xl{font-size:39px}.elementor-widget-heading .elementor-heading-title.elementor-size-xxl{font-size:59px}<\/style><h2 class=\"elementor-heading-title elementor-size-default\">@psi.natashahosken<\/h2>\t\t<\/div>\n\t\t\t\t<\/div>\n\t\t\t\t\t<\/div>\n\t\t\t\t<\/div>\n\t\t\t\t\t\t\t<\/div>\n\t\t","protected":false},"excerpt":{"rendered":"<p>SINAIS DE PROGRESSOS E ATRASOS NO DESENVOLVIMENTO AVALIA\u00c7\u00c3O NEUROPSICOL\u00d3GICA D\u00daVIDAS &#8211; WHATSAPP @psi.natashahosken<\/p>\n","protected":false},"author":1,"featured_media":0,"parent":0,"menu_order":0,"comment_status":"closed","ping_status":"closed","template":"elementor_canvas","meta":{"footnotes":""},"_links":{"self":[{"href":"https:\/\/natashahosken.vendamaissegura.com\/index.php\/wp-json\/wp\/v2\/pages\/105"}],"collection":[{"href":"https:\/\/natashahosken.vendamaissegura.com\/index.php\/wp-json\/wp\/v2\/pages"}],"about":[{"href":"https:\/\/natashahosken.vendamaissegura.com\/index.php\/wp-json\/wp\/v2\/types\/page"}],"author":[{"embeddable":true,"href":"https:\/\/natashahosken.vendamaissegura.com\/index.php\/wp-json\/wp\/v2\/users\/1"}],"replies":[{"embeddable":true,"href":"https:\/\/natashahosken.vendamaissegura.com\/index.php\/wp-json\/wp\/v2\/comments?post=105"}],"version-history":[{"count":125,"href":"https:\/\/natashahosken.vendamaissegura.com\/index.php\/wp-json\/wp\/v2\/pages\/105\/revisions"}],"predecessor-version":[{"id":2314,"href":"https:\/\/natashahosken.vendamaissegura.com\/index.php\/wp-json\/wp\/v2\/pages\/105\/revisions\/2314"}],"wp:attachment":[{"href":"https:\/\/natashahosken.vendamaissegura.com\/index.php\/wp-json\/wp\/v2\/media?parent=105"}],"curies":[{"name":"wp","href":"https:\/\/api.w.org\/{rel}","templated":true}]}}